116)) a composite number?
True
Suppose -16 = 2*y - 20. Suppose -y*t + 8 = -2. Suppose 0*a = -4*a - t*u + 6648, -5*a + 8265 = -5*u. Is a a prime number?
True
Suppose -4*s + y = -4777533, -23*s + 27138698 + 332150 = -y. Is s a prime number?
False
Let z(x) = x**3 + 17*x**2 - 6*x + 25. Let j be z(-10). Suppose 1929 = 2*w + j. Suppose -w = 6*s - 2006. Is s a composite number?
False
Suppose -4*g - 16276 = -4*s - 0*g, 5*s - 20325 = g. Suppose -14*z + 21*z = 28. Suppose 3*y - h - s = 2*y, z*y - 16251 = -h. Is y composite?
True
Let n = 3214 + -4934. Let p = 4077 + n. Is p a prime number?
True
Suppose 12*b - 231866 - 2553964 = 260406. Is b a prime number?
True
Suppose -5*q = -17*q + 2145180. Suppose -996*l = -1001*l + q. Is l composite?
False
Suppose 6*y + 90 = -9*y. Is (2/y)/(54/(-451818)) composite?
False
Suppose 0 = -n - 3*m + 26338, -2*n - m = -7307 - 45379. Suppose 0*i - n = -8*i. Is i prime?
False
Let x(o) = 417*o - 1. Let n(s) = -1. Let a(j) = -6*n(j) - 2*x(j). Let c be a(-3). Let p = c + -1291. Is p prime?
False
Suppose -47*l - 56*l - 1672033 = -114*l. Is l a composite number?
False
Suppose 4*y - 4*j - 76701 = 43403, 90096 = 3*y + 3*j. Is y prime?
True
Let b(d) = -14*d**2 - 5*d - 11. Let n(h) = -h. Suppose -16 = u - 5*a, -5*u + 0*a = 5*a - 10. Let l(y) = u*b(y) - 2*n(y). Is l(6) a composite number?
False
Suppose -5*n - a + 2*a + 105245 = 0, -4*n + 84177 = 3*a. Suppose -3*s - 4*z = -0*z - 15787, -4*s = 4*z - n. Is s a composite number?
False
Let q(h) = -61862*h**3 - 114*h**2 - 116*h - 3. Is q(-1) a composite number?
False
Is 1 - (-34 + 11 + 12 - 2194) a composite number?
True
Let p = -109 - -109. Suppose -6*q + 1665 + 23853 = p. Is q composite?
False
Let u(h) = 199*h + 1. Suppose 5*l + 26 = -w, -5*w + 2*l = -10*w - 15. Let o be u(w). Let q = 367 - o. Is q prime?
False
Let j(q) = 37*q**2 - q + 5. Let t(w) = 60 - 29 - 2*w - 30. Let n be t(-3). Is j(n) prime?
True
Suppose -223 = -41*c - 18. Let b = -1919 - -2697. Suppose -2*p - 2*w + b = 0, -3*p = -7*p - c*w + 1554. Is p prime?
False
Let w(s) = 86*s**3 + 26*s**2 - 26*s + 199. Is w(15) a composite number?
False
Let y = 428405 - 230346. Is y a prime number?
False
Suppose 1834409 + 1153703 = 47*l - 31*l. Is l a composite number?
False
Let o(u) = -4*u + 3*u**3 - 284*u**2 + 4 + 2 + 4*u**3 - 4*u**3 + 290*u**2. Is o(4) a prime number?
False
Let z(w) = 669698*w**3 - 10*w**2 - 3*w + 4. Is z(1) a composite number?
False
Suppose 3662*n - 3669*n + 1975001 = 0. Is n prime?
True
Suppose -89*z = -66*z + 8763. Suppose -5*f + 4*y + 3174 = 0, f = 4*y + 698 - 76. Let n = f + z. Is n composite?
False
Suppose -5*b + 2*l + 22 = 0, 4*b - 3*l - l - 20 = 0. Suppose 0 = 5*n + 15, b*i - 3*n - 87 = -38. Is (22 + -27)*(-466)/i composite?
False
Suppose 4*o = 4*u - 2112, 0 = -3*u - 0*u + o + 1588. Suppose 0 = p - 6*p + u. Suppose w - p - 9 = 0. Is w a composite number?
True
Let f(z) = -23*z + 259. Let j be f(11). Is 33202/j + (-18)/27 prime?
False
Suppose -4*p + 4487 = 5*l, -2*l - l - 3345 = -3*p. Let d = p - 41. Is d prime?
False
Let j be (0 + 6)/((-1)/((-7)/14)). Let b = j + 3. Suppose -1902 = -x + 5*f, -f + b*f = 25. Is x a prime number?
False
Let w(q) = 2*q + 29. Let f be w(-13). Let c(h) = -4 + 7*h**2 + 13 + 4*h**f - 10*h**2 - 3*h. Is c(7) prime?
True
Let d be (-12)/(4 - 7)*(2092 + 2). Suppose 5*j + d = 4*w, 0 = w + 5*j - 947 - 1147. Suppose 5*a - w = 611. Is a prime?
True
Let m(u) = -46825*u - 974. Is m(-3) prime?
True
Suppose b + 2*h = 6*b - 18, -3*b = -5*h - 26. Let o(t) = -17 + 259*t + 22 + 49*t - 10. Is o(b) composite?
True
Let p be 4 - (100/(-10))/(0 - 1). Is (1100 - 5)*5 - p/(-3) a composite number?
True
Let i = 9260591 + -6285382. Is i prime?
True
Let h be 2673/6*((-4)/(-6) + -2). Let u = 2569 - h. Is u a prime number?
True
Let o(x) = 6002*x**3 + x**2 + 4*x - 4. Suppose v = 6*v - 5. Let r be o(v). Let w = -2840 + r. Is w a composite number?
False
Suppose -4*l + 8*l + 5*x = 776007, -5*l + x + 969958 = 0. Is l composite?
False
Let c(f) = 6*f**3 - 4*f**2 - 6*f + 3. Suppose 3*q - 96 = -5*q. Let w = -6 + q. Is c(w) composite?
True
Is 1*189622/(-4)*(-14 + 12) a composite number?
False
Suppose -184*m = -181*m + 222. Is (10 + 69)*m/(-2) prime?
False
Let a = 7520 - -149. Is a a prime number?
True
Let f(x) = x**2 + 6*x + 11. Let y be f(-7). Suppose -14*q - 20 = -y*q. Is (2/q)/(2/(-10)) + 193 a prime number?
True
Let g(k) = 21*k + 23. Suppose 3*q - 4*v + 92 = 7*q, 5*q - 111 = -4*v. Is g(q) a composite number?
True
Let q be 23 + 6/(-9)*6. Suppose 0 = d - 5*s - 27, -7*s - q = 3*d - 2*s. Is (2/(-4))/(d/(-3188)) composite?
False
Let p = -26 - -29. Suppose -p*h - 49 = 4*h. Is 4*6/56 - 676/h a prime number?
True
Let r(v) = 7*v**2 + 5*v - 9. Let t be r(-11). Let p = 1303 - t. Suppose 4*h + 3*l + p = 1856, 0 = -2*h - l + 666. Is h a composite number?
False
Suppose 5*j = 3*r + 196, 2*j + j - 124 = 5*r. Suppose -34*t - 44628 = -j*t. Is t composite?
True
Let r(b) = b**3 - 5*b**2 - 6*b + 4. Let n = -57 + 63. Let a be r(n). Suppose 0 = 4*z - 12, a*m = 3*m - z + 214. Is m composite?
False
Suppose -63*t + 16*t + 1316 = 0. Is (-7)/(t/16) + 297 composite?
False
Suppose 0 = 11*j - 12*j. Suppose j = -f + u - 3 + 5, -f + 27 = 4*u. Suppose -12*o = -f*o - 1355. Is o prime?
True
Suppose -13*h + 10253 = -12354. Suppose 21*z = 3*k + 23*z - h, 1747 = 3*k - 2*z. Is k a prime number?
False
Suppose 49 = -11*w - 6. Is (-1259)/(-1 + w - -5) a prime number?
True
Suppose 1 = 56*t - 57*t. Suppose 2*z + i = -25, z + 60 = -2*z + 3*i. Is t - 5/(z/1626) a prime number?
True
Let b(c) = -3*c + 26. Let x be b(8). Suppose 7*a = x*a - 11880. Let r = -1685 - a. Is r composite?
False
Let p(t) = 6*t**3 - 1. Let w be p(1). Suppose -w*q = -b - 246, -b - 2*q + 64 = 317. Let i = -90 - b. Is i a prime number?
False
Suppose -1287047 - 13989210 = -157*x. Is x prime?
True
Let s(z) = 2*z - 1. Let g be s(3). Let n be 97/194 - 4906/(-4). Suppose 189 - n = -2*h - g*j, -5*h - 2*j = -2553. Is h a prime number?
True
Let r = 9546 + -2401. Suppose 3*g + 4*c = r, -g - 8*c + 2382 = -7*c. Is g a composite number?
False
Suppose 31*k - 135769 = 138085. Suppose -2*g = -5*s - k, -2320 = -g - 2*s + 2115. Is g a composite number?
True
Suppose -3*o + 3*f + 1711707 = 0, 5*f = -2*o + 646099 + 495039. Is o a composite number?
False
Suppose -627*p + 18728563 = 3504376. Is p a prime number?
True
Suppose -5*p - 3*a + 19 = 0, 4*p + a - 13 = -p. Suppose 0*h = -p*o - 2*h + 92, 0 = -2*o - h + 90. Is (382/(-4))/((-22)/o) prime?
True
Let b(w) = -w**3 + 5*w**2 + 9*w - 16. Let l be b(6). Suppose -s = d + 65, 128 = -l*s - 0*s - d. Is 8/(-14) - 39789/s a prime number?
True
Let d be (-2)/(-4)*(-88)/(-11). Suppose -t + d*l = -1555, -2*t - 3*l + 3077 = -0*l. Is t composite?
False
Let o(b) be the third derivative of 26*b**7/105 + 7*b**6/720 - 2*b**5/15 + 22*b**2. Let f(w) be the third derivative of o(w). Is f(1) composite?
True
Suppose -o - 187 - 38 = 3*q, 0 = -3*o - 3*q - 651. Let v = 1312 + o. Is v composite?
True
Let s be 3/(-4) - (-225)/(-20). Let n be (-7)/(-3) - (-4)/s. Suppose -5*l - 4*d + 169 = 0, -3*d = -3*l + n*d + 94. Is l a prime number?
False
Let y(b) = 56*b**2 + 13*b + 12. Let s(f) = -57*f**2 - 13*f - 11. Let d(w) = -5*s(w) - 4*y(w). Is d(-3) a composite number?
True
Let x(v) = -135*v**2 + 9*v - 3. Let g be x(-6). Let b = g - -63. Let p = 7561 + b. Is p prime?
True
Suppose -124*x + 16080623 = 97*x. Is x composite?
False
Let i be 164/(-18) + 3/27. Let b = 24 + i. Suppose 4*u + 3*z + 848 - 3819 = 0, 5*z = -b. Is u a prime number?
False
Let u = 84834 + -58861. Is u prime?
False
Let s = 525142 - -213009. Is s a prime number?
True
Let u(i) = 51330*i + 997. Is u(12) a composite number?
True
Let p(g) = 1947*g - 30. Suppose -58*l + 63*l = 25. Let n be p(l). Suppose -2*z + n = 5*y - 0*z, -y + 1941 = -5*z. Is y prime?
False
Is 68*(-2172)/(-48) + 9 a composite number?
True
Suppose -88*i + 43406 = -62018. Is i prime?
False
Let r = 293543 - 57190. Is r a composite number?
True
Suppose -11*s + 30 = -5*s. Let j(p) = -s*p + 6*p + 647*p**2 - 3 + 4. Is j(-1) composite?
False
Suppose -4*k - 5*m = 39, 3*m = 5*k - k + 15. Is k - -3 - ((-9)/(-3) - 2335) composite?
True
Let w = -28303 + 102000. Is w a prime number?
False
Is (158607/12)/((-118)/(-8) - 14) a prime number?
True
Let g(o) = 491*o**2 - 107*o + 1571. Is g(40) com